 = 0. Suppose -r = -l - 1. Suppose l*u - 14*u = -28. What is the units digit of u?
7
Let y be ((-9)/(-15))/((-2)/(-10)). What is the tens digit of 186*2/18*y?
6
What is the units digit of 2/(-17) - 537763/(-1751)?
7
Let h(u) = 8*u**2 + 10*u + 445. What is the tens digit of h(25)?
9
Let v(i) = 3*i**2 - 20*i + 37. What is the units digit of v(22)?
9
Let v(k) be the third derivative of 0*k**4 + 1/5*k**5 + 0 + 0*k + 3*k**2 + 0*k**3. What is the units digit of v(-1)?
2
What is the hundreds digit of (6 - -105)*(-8)/(-3) + -3?
2
Suppose m = -3, 4*h - 5*m - 27 = -0*h. Suppose -2*f - 159 = -5*v + 2*f, 4*f = h*v - 97. What is the units digit of v?
1
Let g(c) = 6*c**2 + 5*c + 190. What is the units digit of g(-24)?
6
Suppose f - 3 = 2. Suppose -10*i = -f*i - 355. What is the tens digit of i?
7
Suppose -5*h + 5*k = 60, -5*h = k - 5*k + 58. Let z be (h/(-15))/(2/15). Suppose -3*q + 109 = -4*d, -z*d + 0*d = 5. What is the tens digit of q?
3
Let d be (2 + -15)*(-6 - -5). What is the units digit of (d/(-65))/((-1)/5)?
1
Suppose -267 = -i - 2*r, 267 = i - 6*r + 11*r. What is the hundreds digit of i?
2
Let i(r) = -19*r**2 - 9*r + 59. Let s(x) = -10*x**2 - 4*x + 30. Let g(c) = -6*i(c) + 11*s(c). What is the units digit of g(6)?
0
Suppose 2 + 0 = 2*i, 2*x + 4*i - 12 = 0. Suppose -2*s + 3*u + 68 + 69 = 0, 66 = s - x*u. What is the tens digit of s?
7
Let t(s) = 0*s**2 + 3*s**2 + 19 - 4*s**2 - s**3. Suppose -3*z + 3 = 0, z = -5*u - z + 2. What is the tens digit of t(u)?
1
Suppose -9*g + 20 = -13*g. What is the tens digit of g/(-10)*55 - 1/2?
2
Let n = -958 + 1392. Let q be n + 11 + 3/1. What is the tens digit of (-4)/(-20) + q/10?
4
Let r be 3*6/45*-35. Let w be r/(-35) - 8/(-5). What is the units digit of (-4 - w)*1/(-2)?
3
Let c(f) = 9*f**2 + 3*f + 2. Let b be c(-1). Suppose -5*d + b = -4*u, -d + 0*u - u + 7 = 0. Suppose -d*v = -9*v + 95. What is the tens digit of v?
1
Let w(p) be the second derivative of -4*p + 0 - 7*p**2 + 13/6*p**3 - 1/12*p**4. What is the units digit of w(11)?
8
Let v(z) be the first derivative of z**4/2 - z**3 + 7*z**2/2 - 7*z + 1. What is the tens digit of v(4)?
0
Suppose 30*k + 18 = 36*k. Let d(r) = r. Let w be d(5). Suppose w*x = -3*l + 3*x + 10, -2 = k*l + 5*x. What is the units digit of l?
6
Let q(s) = s**3 + 22*s**2 + 17*s - 71. What is the units digit of q(-19)?
9
Let o be (-616)/(-40) - (9/(-15))/1. Suppose -17*u + o*u + 105 = 0. What is the tens digit of u?
0
Suppose -385 = -5*z + 5*a, 2*z - 177 - 12 = -5*a. What is the units digit of z?
2
Suppose 3*s + 5*k + 2 = 0, -4 = 3*s + 4*k - 0. What is the tens digit of (14*-2)/(s/10)?
7
Let v(o) = o**3 + 11*o**2 - 10*o + 11. Let d be v(-12). Let i = 13 + d. Suppose t + t + 4*y - 54 = i, -t + 30 = 3*y. What is the units digit of t?
1
Suppose -2*u - 8 + 2 = -5*q, 0 = 5*q - 10. Suppose 0*d - 5*d - 20 = 0, -u*d = -5*b - 292. Let p = -32 - b. What is the tens digit of p?
2
Suppose -5*l = 2*u - 3284, -5*u = 5*l - 466 - 2824. What is the tens digit of l?
5
What is the tens digit of (72/(-15))/((-870)/(-875) + -1)?
4
Let x(o) = -o**3 - 2*o**2 + o - 2. Let i be x(-3). Suppose i*a - 72 = a. Suppose 9*w - a = 6*w. What is the units digit of w?
8
Let a be -116*1 + -3 + 0. Let u = a - -190. What is the tens digit of u?
7
Let k(d) = d**3 + 6*d**2 + 4*d + 3. Let i be k(-6). Let j = -21 - i. Suppose 0*c - 4*c + 80 = j. What is the tens digit of c?
2
Suppose 3*c - 5*c = 5*w - 40, w = 4*c + 8. Suppose -w*a = -5*a - 420. What is the units digit of a?
0
Suppose -24 = -2*k + 3*y - 7*y, 0 = -5*k - 4*y + 60. Suppose -100 = 10*a - k*a. What is the tens digit of a?
5
Let v be (-30)/(-10)*40/3. What is the units digit of 54/8*v/15?
8
What is the thousands digit of (-44 + 3834)*(2/4 + 0)?
1
Let p(c) = -8*c**2 - 6*c - 4. Let w(x) = 7*x**2 + 6*x + 4. Let j(r) = -6*p(r) - 7*w(r). Let o be j(-4). What is the units digit of ((-5)/o)/((-5)/40)?
0
Suppose -4*f = -u + 39, 0*u - 2*f = -4*u + 100. Let d = -17 + u. What is the units digit of 14/d*(-1 - -19)?
2
Let t = -3 + 7. Suppose 0*f = t*f. Suppose p - 2*a = f, 2*p - 33 = -2*p - 3*a. What is the units digit of p?
6
Let o(q) = -18*q**3 - 2*q**2 - 2*q + 1. Let x be o(2). Let s = x - -315. What is the hundreds digit of s?
1
Let s = 717 - 442. What is the units digit of s?
5
Suppose 0 = -10*r + 31*r - 9450. What is the tens digit of r?
5
Let i(c) = c**2. Let p(f) = 3*f**2 - 19*f + 12. Let x(v) = -2*i(v) + p(v). What is the units digit of x(19)?
2
Let a(s) = -s**3 - 5*s**2 - 2*s + 2. Let u be a(-5). Let d(b) = b**3 - 14*b**2 + 3*b - 6. Let g be d(14). Let j = g - u. What is the units digit of j?
4
Let g = -25 - -45. Suppose 0 = c + 4*c - g. What is the units digit of c?
4
Let k(y) = 3*y**2 - 6*y + 12. Let c be k(-6). Suppose 212 + c = -4*h. Let m = h + 162. What is the tens digit of m?
7
Suppose -3*q - 12 = -0*q. Let u be q/(-10) - 18/45. Suppose -4*t - 2*s - s + 105 = u, 4*s = -20. What is the units digit of t?
0
Suppose 2*w = 5*t + 56, 2*w = -5*t + 26 + 30. Let c = w - 13. What is the units digit of 182/6 - 5/c?
0
Let s = 22 - 16. Suppose v - 3*b + 12 = b, -5*v + s = 2*b. Suppose v = i - 26 - 4. What is the tens digit of i?
3
Let m be 3/6 + 50/(-4). Let g be 92/3 + (-4)/m. Let h = g - 3. What is the units digit of h?
8
Let b(s) = 1. Let m(h) = -3*h + 28. Let o(i) = 22*b(i) - 2*m(i). What is the tens digit of o(14)?
5
Let b = 8 + -5. Suppose 0 = -4*h + 8, -4*u + 3*u = -b*h - 50. What is the tens digit of u?
5
Let q(h) = h**2 - 7*h - 17. Let v be q(10). Suppose 15*o - v*o = 8. Suppose 116 = 4*a + 2*k + 38, -2*a - o*k + 36 = 0. What is the tens digit of a?
2
Suppose 12*c + 11 = 2*y + 13*c, 2*c = 6. Suppose y*k - 423 = -5*j, 470 - 44 = 5*j + 3*k. What is the tens digit of j?
8
Let s(d) = 13*d**3 + d + 1 - d**2 - 33*d**3 - 10*d**3 - 37*d**3. What is the tens digit of s(-1)?
6
Let g(u) = -u**2 + 7*u + 8. Let a be g(8). Suppose 732 = 4*v + 3*m, a*v + 4*v - 736 = -2*m. What is the units digit of v?
6
Suppose 4*z + 6*z = -20. What is the units digit of (237/15 - z)/((-2)/(-10))?
9
Suppose -19*g + 12 = -13*g. Let q be 42 - (0 - -2 - 2). Suppose 2*n - 2*k = q, -g*n + 2*k + 3*k = -48. What is the tens digit of n?
1
Suppose 2 = 2*v - 2, 5*v = w + 3. Let z = 10 - w. Suppose z*o - 15 = 36. What is the units digit of o?
7
Suppose -o - 13 = u, 0*u + 2*o + 12 = -u. Let z(j) = -8*j - 30. What is the units digit of z(u)?
2
Let s(d) = -d**2 + 10*d - 13. Let t be s(8). What is the units digit of t/(-6) - (-126)/4?
1
Let g be 1 + (-2)/2 - -30. Suppose g = 5*j - 2*j. What is the tens digit of j?
1
What is the hundreds digit of (-4 - 1)*1 - -2 - -580?
5
Suppose o + 26209 - 5762 = 5*v, -2*v + 8188 = -5*o. What is the thousands digit of v?
4
Let w = -3011 - -4059. What is the units digit of w?
8
Let x(l) = l**2 + 2*l - 38. Let g be x(0). Let v = 27 + g. Let j = v + 23. What is the tens digit of j?
1
Suppose 33 = 2*q + 5*o, q - o + 0*o = -1. Suppose 5*p - 6 - 9 = 0. Suppose -4*a = -2*m + 2, m - 3*m + p*a = -q. What is the units digit of m?
5
Let s be (-35)/(-20) + 2/8. Let n be (17 + -3)/s + -4. Suppose o = -n*o + 280. What is the tens digit of o?
7
Let n be (1 + 2)/(-5 - -6) + 117. Suppose 6*p - n = 12. What is the tens digit of p?
2
Suppose -i + 6 = -70. Let a = i + -43. Let g = -11 + a. What is the tens digit of g?
2
Let a be (18/(-5))/((-936)/465 + 2). Suppose n + 5 = 0, -n - 2*n = -u + a. What is the units digit of u?
4
Let z be (-3)/((-12)/200) + 3. Suppose z + 37 = 2*q. What is the units digit of q?
5
Suppose 3*p + 12 = 0, r + 6 - 3 = -3*p. Suppose 25*z - r*z - 832 = 0. What is the tens digit of z?
5
Let d = 3225 + -1914. What is the hundreds digit of d?
3
Let l be (-28)/(-12) - 2/6. Suppose 0 = -o - 2*o. Suppose 4*v - 20 = 0, 3*v + o = l*b + 3. What is the units digit of b?
6
Let n(c) = c. Let w be n(0). Let m be -4 + w + -1 + 2. What is the units digit of 7/21 - 71/m?
4
Let k be -3 + 1576/4 + 1. Let h = k + -188. Suppose 6*n - h = 2*n. What is the units digit of n?
1
Let o = 21 + -17. Suppose -3*p + o*p = 21. What is the units digit of p?
1
Let f(b) = -b. Let w(m) = m**2 - 8*m + 4. Let h(x) = -4*f(x) + w(x). Suppose -18 = -5*s + 2. What is the units digit of h(s)?
4
Let i be (-1)/((-2)/396*2). Let o = i - -77. What is the hundreds digit of o?
1
Let v(g) = -g + 22. Let i be v(18). Let c = 5 +